ne s(y).
3
Suppose -4*l + 6 = -6. Let a(o) be the third derivative of 1/60*o**5 - 5/24*o**4 - 3*o**2 + 0*o + 0 + 2/3*o**3. Calculate a(l).
-2
Let d(k) be the second derivative of k**3/6 - 4*k**2 + 6*k. Let v be d(12). Let r(s) = -s**3 + 5*s**2 - 4*s + 4. Calculate r(v).
4
Let s be -1*1 + 0 + -3. Suppose 5*p + 1 - 12 = -4*j, 0 = -j - 1. Let m(h) = p*h - 2*h**2 - 3*h**2 + 6*h**2. What is m(s)?
4
Let u(d) = 15*d + 13*d - 29*d - 3 + 0. Calculate u(0).
-3
Let z(n) = 2*n - 6. Let v be (-86)/(-18) + 10/45. Determine z(v).
4
Let r = -13 - -17. Let n(t) = t**2 - 3*t - 4. Calculate n(r).
0
Let x(f) = -5*f - 14. Let i(g) = -2*g - 5. Let h(w) = -17*i(w) + 6*x(w). Give h(2).
9
Suppose 0 = -h - 2*b, h + 3*b + 2 - 1 = 0. Suppose h*g = -3*g. Let k(u) = -u**3 - u**2 + u + 3. Calculate k(g).
3
Let w(b) = -2*b + 5*b - 2*b + 5. Suppose 5*g + 14 = -2*y + g, -4*y - 24 = 4*g. What is w(y)?
0
Let g(t) = 13*t**3 - 2*t**3 + 6 - 6*t**2 - 4*t - 12*t**3. Suppose -z + l - 10 = 2*z, 0 = -3*z + 5*l + 10. Calculate g(z).
1
Let k = 10 + -7. Let p(g) = g**3 - 3*g**2 + 2*g - 1. Let b be p(k). Let j(v) = -4*v**2 + 2*v**2 + v**2 + 5*v + 2. Give j(b).
2
Let t(v) be the first derivative of v**3/3 + v**2 - 2*v - 1. Suppose 5*c - 12 = -2. Give t(c).
6
Let c(t) = -13*t. Let i(n) be the third derivative of -n**5/60 - n**4/3 - 4*n**3/3 + n**2. Let f be i(-7). Calculate c(f).
13
Let t be 2 - (0 + 1 + -12). Suppose -t + 1 = -2*f. Let n be -3*f/(-9) - 2. Let o(b) = b - 6. Give o(n).
-6
Let f(g) be the second derivative of g**6/120 + g**5/60 - 5*g**4/24 - 2*g**3/3 - g**2 - 3*g. Let y(x) be the first derivative of f(x). Determine y(-3).
-7
Let p(v) = v**3 - 10*v**2 - v + 9. Let m be p(10). Let x = -12 + 12. Let c(w) = w + x + 0 + 1 + w. What is c(m)?
-1
Let v(z) = -5*z + 2. Let m(s) = -s + 1. Let x(c) = 6*m(c) - v(c). Let n = -4 - -1. Let d = -1 - n. Give x(d).
2
Let h(q) = 7*q**2 + 2*q - 13. Let r(k) be the second derivative of -5*k**4/6 - k**3/2 + 19*k**2/2 - 2*k. Let n(o) = 7*h(o) + 5*r(o). Determine n(0).
4
Let o(v) be the second derivative of -v**5/4 - v**4/6 - v**3/6 - 12*v. Determine o(-1).
4
Let w = 9 - 9. Let d(j) = -j**3 - 3*j**2 - 2*j - 5. Let q(z) = z**3 + 4*z**2 + 3*z + 5. Let h(g) = 4*d(g) + 3*q(g). Determine h(w).
-5
Let f(k) = -k + 1. Let s be (-8)/32 - 7/4. Determine f(s).
3
Suppose 0 = 18*b + 24 + 84. Let j(w) = -4*w - 4 + w - w**3 - 6*w**2 - 3. Determine j(b).
11
Let t(v) = -v - 5. Let w be (-2)/4 + (-13)/2. Let g be 23/w + (-8)/(-28). What is t(g)?
-2
Let i(t) = -t**2 - 1 + 3 + t + 2 + t**3. Let p be 0 - (1 - (-3 - -4)). Let r(y) = y**3 - y**2. Let q be r(p). Give i(q).
4
Let t(x) be the third derivative of -3*x**2 + 0 + 0*x**3 + 1/12*x**4 + 0*x. Let h(q) = -q**3 - 1. Let f be h(1). Calculate t(f).
-4
Let l(x) = -x**2 + 2*x**2 - 5*x + 6 - x. Let d = 28 + -19. Let f be (3 - 0)*12/d. Calculate l(f).
-2
Let l(g) be the second derivative of -g**4/12 - g**3/2 + 2*g**2 + 13*g. Calculate l(-4).
0
Let b(a) be the first derivative of -a**2 + 3*a - 9. What is b(5)?
-7
Let b(r) = -r**3 - 7*r**2 - 5*r + 5. Let h(t) = -t**3 - 3*t**2 - 2*t + 2. Let w(v) = 2*b(v) - 5*h(v). Calculate w(-1).
-2
Let j(w) be the first derivative of -1/2*w**2 + w - 1/4*w**4 - 2 + 1/3*w**3. Let n(a) be the first derivative of j(a). Give n(1).
-2
Suppose 4*l + 8 = -4*m, -4*l + 0*l = m - 7. Suppose 0*k - k = 3*h + 20, 0 = l*k - 4*h - 5. Let n = k + 3. Let p(t) = -t**3 - t**2 + t. What is p(n)?
2
Let d(h) = -h**2 - 6*h - 4. Suppose 2*p + 4*n = 12, 3*p - 38 = 4*n - 0*n. Suppose 0 = 5*y + p + 5. Calculate d(y).
5
Let t(b) be the third derivative of -b**4/12 - b**3/6 + 12*b**2. Determine t(-3).
5
Let f(p) = p**2 + 9*p + 4. Suppose -9 = -2*u + 3*u. Let j be f(u). Let c = -4 + j. Let k(w) = w - 7. Determine k(c).
-7
Let i(o) be the third derivative of -o**5/60 - o**4/4 - o**3/2 - o**2. Suppose 21 - 7 = p - 2*c, -3*p + 30 = -3*c. Let a = p - 8. Determine i(a).
5
Let b be (4/5)/(2/40). Suppose -2*r - 2*r + b = 0. Suppose -n = -r*l + 4, 2 = -2*l + 3*n + 14. Let f(w) = -w**2 - w - 5. Calculate f(l).
-5
Let r(h) = 3*h + 3. Let f(w) = -13*w - 11. Let m(b) = 2*f(b) + 9*r(b). Suppose 0 = -4*s - s + 25. Calculate m(s).
10
Let u(a) = -2*a + 2. Let c(v) = -v + 7. Let k be 33/6 - (-1)/(-2). Let g be c(k). Calculate u(g).
-2
Let k be 4/(-26) - 28/(-13). Let c(r) = -7*r**3 + 1 - r**3 + 2*r**k - 4*r + 2*r + r**3. Let j be 2/(-1) - 18/(-6). Determine c(j).
-6
Let k(m) = 5*m**2 + m + 4. Let j(n) = -2*n**2 - n - 2. Let t(x) = 7*j(x) + 3*k(x). Suppose 5*s - 3*b - 7 = -2, -18 = -2*s - 2*b. Calculate t(s).
-2
Let r(l) = -2*l**2 - 6*l + 11. Let u(p) = p**2 + 3*p - 5. Let f(d) = -6*r(d) - 13*u(d). Let n(k) = -3*k + 11. Let y be n(5). What is f(y)?
-5
Let a(y) be the first derivative of -y**3/3 - 3*y**2/2 + 3*y - 11. Let b(j) = j**3 + 5*j**2 - 6*j - 5. Let p be -5*((-12)/(-5))/2. Let d be b(p). Give a(d).
-7
Let y be (-12)/(-9)*(-3)/2. Let b(f) be the third derivative of -f**4/24 + 2*f**2. Determine b(y).
2
Let n(p) = -2*p. Let u be n(-1). Suppose u*r + r = -9. Let f(q) = 5*q - 4. Let a(d) = 14*d - 11. Let k(i) = -4*a(i) + 11*f(i). Determine k(r).
3
Let d = -10 - -10. Let z(q) = -q + 2. What is z(d)?
2
Suppose 4*f + 3 = 4*c + 7, 13 = 5*f - 3*c. Let p(o) = o**3 - 4*o**2 - 8*o + 3. Determine p(f).
-12
Let k(a) = -5*a - 6. Let t(s) = 4*s + 5. Let v(r) = -3*k(r) - 4*t(r). Give v(-7).
5
Let c(x) = -x - 6. Let v(m) = m + 6. Suppose 2*l - 5 - 3 = 0. Let z(f) = l*c(f) + 3*v(f). What is z(6)?
-12
Let q(r) = -r**3 - 8*r**2 + r + 9. Let a(m) = m**3 + m**2 - m - 8. Let v be a(0). Let p be q(v). Let w(t) = 7*t**2 - 1. Give w(p).
6
Suppose 6 = 5*c - 4. Let v(l) = -3*l**2 - 4*l - 1. Let d(x) = -x**2 - 1. Let n(q) = c*d(q) - v(q). Calculate n(-6).
11
Suppose 2*v + v = 5*s - 37, -3*s + 11 = v. Let j(r) = r**3 - 5*r**2 - 4*r + 5. What is j(s)?
-15
Suppose -4*w - 14 = -6*w - 3*x, 2*w - x = -2. Let k(n) = -7*n. Determine k(w).
-7
Let y(p) = -2*p - 9. Let c(t) = -t - 4. Let h(s) = -9*c(s) + 4*y(s). What is h(-1)?
-1
Let b(c) = c**3 - 5*c**2 - 7. Let y be ((-16)/10)/((-2)/(-10)). Suppose 16 = -3*h - h. Let m be (5/2)/(h/y). Determine b(m).
-7
Suppose -22 = -2*j + 3*j + 5*w, 25 = -5*w. Let k(g) = -3*g + g**2 - 2*g**3 + g**j - 1 + 4*g**2 + g**2. Let m be 1/(-4) + (-21)/(-4). Determine k(m).
9
Suppose -3 = m, 5*m + 55 = 3*b + 2*b. Suppose -5*x = 3*a + 12, -4*x + 3*a = a - b. Let s(w) = w**3 - w**2 - 1. Calculate s(x).
-1
Suppose 4 = 4*v - k - k, 5*k + 10 = 0. Let c(d) be the second derivative of 0 + 1/2*d**4 + d + 1/6*d**3 + v*d**2. Determine c(-1).
5
Let y(t) = t**3 - t**2 + t - 7. Let w(h) = -h - 4. Let q be w(-4). Suppose -3*u - 9 = -3*i, 4*u = -q*i + i - 12. Give y(i).
-7
Suppose -d + 10 = 4*t, -3*d = d + 4*t - 16. Let o(h) = 4*h**d + 0*h - h + 5*h**2 - 5*h**2 + 1. What is o(1)?
4
Suppose -2*x + 4*t = -7*x, -4*t = 0. Let p(b) = -b + 4. Let v be p(x). Let f(k) = -k + 4. Give f(v).
0
Let m(s) = -s**2 + 2*s**2 - 4 + s + 2*s. Suppose 10 = 2*n, -5*k + n = -2*k - 43. Let c = -20 + k. Determine m(c).
0
Let m = 16 + -7. Let u be (-4)/(-18) - (-16)/m. Let c(w) = -2*w**2 + w**2 + 9 - u*w + 3*w. What is c(0)?
9
Let m(j) = -j**2 + 8*j - 18. Let v be m(6). Suppose 3 = -0*u + u. Let d(b) = -u - 6*b - b**3 - 8*b**2 + 0*b**2 + b**2. Determine d(v).
-3
Let h(n) = -n**2 + 6*n - 1. Let o be h(5). Let m(k) = -4*k**2 - 5*k - 3. Let a(z) = z**3 + z**2 + z - 1. Let j(p) = -a(p) - m(p). Calculate j(o).
4
Let u(z) = -z**2 - 1. Let g(l) = -6*l - 8. Let b(y) = -y - 1. Let h(v) = -5*b(v) + g(v). Let k be h(-3). Determine u(k).
-1
Suppose 2 = -4*i + 6*i. Suppose -3*p = -2 - i. Let y(f) be the first derivative of f**2/2 - 9. Calculate y(p).
1
Let h(u) = -2*u**2 - 3*u + 1. Let a(z) = 5*z**2 + 8*z - 3. Let c(f) = -3*a(f) - 8*h(f). Let o(j) = 6*j**2 - j + 4. Let m(b) = 5*c(b) - o(b). Calculate m(-2).
-5
Let b(o) be the second derivative of 2*o**3/3 + 2*o**2 - 4*o. Give b(-3).
-8
Let l(z) = -2*z + 3*z + 1 + 0. Suppose -h - 9 = 4*x + 17, 3*h = 5*x + 41. What is l(x)?
-6
Let r(u) = -u**2 + 6*u - 1. Let t = 37 + -33. Give r(t).
7
Let t(s) = s**2 + 1. Let w be t(1). Let g(j) = -j - 21. Let b(x) = -4. Let v(i) = -11*b(i) + 2*g(i). Determine v(w).
-2
Let b(c) = 5*c**3 - c**2 + c. Suppose -3*z + 48 + 78 = 0. Let h = z - 30. Suppose 3*a - 6 = i + 8, -h = 3*i - 3*a. Determine b(i).
5
Let m(l) be the